?
45
What is the highest common divisor of 155 and 3565?
155
Calculate the highest common divisor of 195 and 594035.
65
What is the greatest common factor of 12200 and 16?
8
What is the highest common divisor of 7722 and 192?
6
Calculate the greatest common factor of 545200 and 176.
16
Calculate the greatest common factor of 282448 and 635.
127
Calculate the greatest common factor of 39 and 48423.
3
Calculate the greatest common factor of 42 and 139125.
21
Calculate the greatest common divisor of 1887 and 39.
3
What is the highest common factor of 729 and 3456?
27
Calculate the greatest common factor of 70215 and 12231.
453
Calculate the greatest common divisor of 30595 and 435.
145
Calculate the greatest common factor of 6246912 and 196.
196
Calculate the greatest common factor of 161 and 122038.
161
Calculate the highest common factor of 20802 and 27.
3
Calculate the highest common divisor of 11907 and 167139.
441
Calculate the highest common factor of 3547960 and 1040.
520
What is the highest common divisor of 568 and 38198?
142
What is the highest common divisor of 92796 and 20350?
814
Calculate the greatest common divisor of 143851 and 2425.
97
Calculate the highest common factor of 1716 and 129324.
156
What is the greatest common divisor of 144250 and 250?
250
What is the greatest common divisor of 4 and 114799?
1
What is the highest common factor of 2668888 and 1192?
1192
What is the greatest common divisor of 3159 and 495612?
351
What is the greatest common divisor of 1058 and 3289?
23
What is the highest common factor of 49831 and 1?
1
Calculate the highest common factor of 884 and 403.
13
What is the greatest common factor of 1667255 and 5?
5
What is the greatest common factor of 96752 and 4?
4
Calculate the highest common factor of 127078 and 1624.
406
Calculate the highest common divisor of 14473 and 96722.
353
Calculate the highest common factor of 2240 and 400.
80
Calculate the greatest common factor of 1411 and 73040.
83
What is the highest common factor of 8 and 92936?
8
What is the highest common factor of 180 and 34348?
4
Calculate the highest common divisor of 160 and 4330.
10
What is the highest common divisor of 45494 and 2322?
86
Calculate the greatest common divisor of 4116 and 3567396.
588
Calculate the greatest common factor of 35 and 5677.
7
What is the highest common divisor of 3334690 and 38?
38
What is the greatest common divisor of 1575 and 1278?
9
What is the greatest common factor of 1421 and 6321?
49
Calculate the greatest common factor of 601050 and 915.
15
What is the highest common divisor of 1482 and 11148098?
494
Calculate the highest common factor of 63811 and 33.
11
What is the greatest common divisor of 6 and 146478?
6
What is the highest common factor of 61226 and 53636?
506
What is the greatest common factor of 25 and 152?
1
What is the greatest common divisor of 1148 and 1722?
574
What is the greatest common factor of 843207 and 3?
3
Calculate the highest common divisor of 886654 and 38.
38
What is the highest common divisor of 12236 and 276?
92
What is the greatest common divisor of 133 and 24073?
133
Calculate the highest common divisor of 1694 and 7502.
242
Calculate the greatest common divisor of 1638 and 5682768.
546
Calculate the greatest common factor of 6 and 182814.
6
Calculate the greatest common factor of 250 and 760.
10
Calculate the greatest common divisor of 311761 and 213.
71
What is the greatest common divisor of 189735 and 273?
273
What is the greatest common factor of 410 and 7770?
10
What is the highest common divisor of 3453 and 3?
3
What is the greatest common divisor of 979230 and 240?
30
What is the highest common divisor of 169664 and 880?
176
Calculate the greatest common factor of 287203 and 4984.
623
What is the highest common divisor of 195 and 266253?
39
What is the greatest common divisor of 83650 and 1400?
350
Calculate the greatest common factor of 4137 and 567.
21
What is the highest common factor of 23100 and 28?
28
Calculate the greatest common divisor of 278670 and 20.
10
Calculate the greatest common divisor of 620 and 75330.
310
Calculate the highest common factor of 94095 and 2091.
2091
Calculate the greatest common factor of 54 and 600.
6
What is the greatest common divisor of 11838 and 3?
3
What is the greatest common divisor of 396 and 12056?
44
What is the greatest common factor of 188 and 180?
4
Calculate the highest common divisor of 1853 and 8393.
109
Calculate the greatest common divisor of 2009 and 108927.
49
Calculate the greatest common factor of 411677 and 46.
23
What is the greatest common factor of 52 and 22009?
13
What is the greatest common divisor of 3 and 32397?
3
Calculate the highest common factor of 358 and 16.
2
What is the greatest common divisor of 3783535 and 245?
245
Calculate the highest common factor of 22 and 143.
11
Calculate the highest common divisor of 88 and 19052.
44
Calculate the greatest common divisor of 272 and 56338.
34
What is the highest common factor of 4180 and 6160?
220
Calculate the highest common factor of 74460 and 340.
340
Calculate the greatest common factor of 58520 and 110.
110
What is the highest common factor of 15 and 361145?
5
Calculate the greatest common divisor of 29602 and 1083.
361
What is the greatest common divisor of 28905 and 126195?
705
What is the highest common divisor of 4738 and 2530?
46
Calculate the highest common factor of 182 and 116974.
26
What is the greatest common divisor of 8137 and 8611?
79
Calculate the greatest common factor of 2610 and 160.
10
Calculate the greatest common divisor of 17155 and 949.
73
Calculate the greatest common factor of 36 and 206838.
18
Calculate the greatest common factor of 278 and 2713558.
278
What is the highest common divisor of 25 and 28040?
5
What is the highest common factor of 53463 and 45933?
753
Calculate the greatest common divisor of 5898 and 78.
6
Calculate the highest common divisor of 1432 and 1916732.
716
Calculate the highest common divisor of 30448 and 2422.
346
What is the greatest common factor of 736 and 453422?
46
Calculate the highest common factor of 207 and 336237.
69
What is the greatest common factor of 50 and 1203325?
25
What is the greatest common factor of 144 and 23256?
72
Calculate the greatest common divisor of 40 and 6198.
2
Calculate the highest common factor of 2400788 and 548.
548
Calculate the highest common factor of 99292 and 412.
412
What is the greatest common factor of 42 and 61817?
7
What is the highest common factor of 1132841 and 376?
47
Calculate the highest common divisor of 235074 and 15054.
1158
Calculate the highest common factor of 12 and 678.
6
What is the highest common factor of 364 and 2405?
13
What is the greatest common factor of 1828 and 58039?
457
Calculate the highest common factor of 3179092 and 28.
28
What is the greatest common divisor of 22267 and 7?
7
Calculate the highest common divisor of 1245 and 120.
15
Calculate the highest common divisor of 27 and 12699.
9
Calculate the highest common factor of 1938 and 2413456.
646
Calculate the greatest common divisor of 638 and 24911.
29
Calculate the highest common divisor of 76 and 6878.
38
What is the greatest common factor of 50573 and 982?
491
What is the highest common divisor of 163030 and 7535?
685
Calculate the greatest common factor of 114 and 10994502.
114
Calculate the highest common divisor of 73140 and 120.
60
What is the greatest common divisor of 176148 and 5126?
466
What is the greatest common factor of 6821 and 1501?
19
What is the highest common factor of 16 and 2672?
16
What is the highest common factor of 873899 and 1183?
169
Calculate the greatest common factor of 38 and 6251.
19
What is the greatest common divisor of 142446 and 6?
6
Calculate the highest common factor of 119 and 1778.
7
What is the greatest common factor of 20720 and 14280?
280
Calculate the greatest common divisor of 2862 and 421350.
318
Calculate the highest common divisor of 432521 and 2615.
523
Calculate the greatest common divisor of 260 and 107110.
10
What is the greatest common divisor of 30 and 206340?
30
What is the greatest common divisor of 256826 and 8?
2
Calculate the greatest common divisor of 672 and 57960.
168
Calculate the greatest common d